he prime factors of 673666.
2, 7, 48119
What are the prime factors of 9760070?
2, 5, 683, 1429
What are the prime factors of 133411?
89, 1499
What are the prime factors of 3407564?
2, 851891
What are the prime factors of 3953510?
2, 5, 11, 127, 283
List the prime factors of 990845.
5, 17, 11657
What are the prime factors of 5800646?
2, 23, 47, 2683
List the prime factors of 31588148.
2, 7897037
What are the prime factors of 139381?
11, 12671
What are the prime factors of 723628?
2, 180907
What are the prime factors of 21978813?
3, 7326271
List the prime factors of 4431585.
3, 5, 295439
What are the prime factors of 809394?
2, 3, 277, 487
List the prime factors of 1293723.
3, 31, 4637
What are the prime factors of 13983317?
13983317
What are the prime factors of 332632?
2, 41579
List the prime factors of 85362.
2, 3, 41, 347
What are the prime factors of 8643897?
3, 661, 1453
List the prime factors of 4599352.
2, 97, 5927
What are the prime factors of 830118?
2, 3, 31, 4463
List the prime factors of 471650.
2, 5, 9433
What are the prime factors of 1461090?
2, 3, 5, 113, 431
List the prime factors of 476552.
2, 71, 839
What are the prime factors of 2390603?
269, 8887
List the prime factors of 426143.
131, 3253
List the prime factors of 15643169.
15643169
List the prime factors of 3187821.
3, 7, 13, 11677
What are the prime factors of 676330?
2, 5, 47, 1439
What are the prime factors of 1029238?
2, 7, 73517
What are the prime factors of 306249?
3, 31, 37, 89
What are the prime factors of 141351?
3, 7, 53, 127
What are the prime factors of 196827?
3, 65609
List the prime factors of 41232.
2, 3, 859
What are the prime factors of 1014926?
2, 11, 46133
List the prime factors of 147094.
2, 73547
List the prime factors of 2898680.
2, 5, 72467
What are the prime factors of 874477?
874477
List the prime factors of 549606.
2, 3, 139, 659
What are the prime factors of 1497599?
19, 23, 149
What are the prime factors of 3586889?
3586889
List the prime factors of 230535.
3, 5, 47, 109
List the prime factors of 519607.
11, 47237
What are the prime factors of 20816928?
2, 3, 11, 6571
List the prime factors of 273708.
2, 3, 7603
List the prime factors of 3743504.
2, 233969
What are the prime factors of 193272?
2, 3, 8053
List the prime factors of 3052456.
2, 11, 34687
List the prime factors of 2242379.
2242379
What are the prime factors of 265993?
7, 13, 37, 79
What are the prime factors of 1959070?
2, 5, 195907
What are the prime factors of 901753?
43, 67, 313
List the prime factors of 3248101.
163, 19927
What are the prime factors of 614918?
2, 41, 7499
What are the prime factors of 692916?
2, 3, 7, 73, 113
List the prime factors of 3594660.
2, 3, 5, 181, 331
What are the prime factors of 491025?
3, 5, 6547
What are the prime factors of 1765770?
2, 3, 5, 71, 829
List the prime factors of 5569.
5569
List the prime factors of 1015996.
2, 253999
List the prime factors of 1586232.
2, 3, 22031
List the prime factors of 2983176.
2, 3, 7, 1973
List the prime factors of 296126.
2, 148063
List the prime factors of 11917191.
3, 11, 13, 27779
What are the prime factors of 5426230?
2, 5, 17, 59, 541
What are the prime factors of 3044521?
3044521
What are the prime factors of 3980856?
2, 3, 11, 17, 887
What are the prime factors of 442749?
3, 147583
List the prime factors of 3083818.
2, 31, 49739
What are the prime factors of 19507550?
2, 5, 390151
What are the prime factors of 2814916?
2, 13, 54133
What are the prime factors of 2747688?
2, 3, 114487
What are the prime factors of 12520931?
31, 403901
List the prime factors of 231979.
11, 21089
List the prime factors of 415161.
3, 163, 283
What are the prime factors of 29398852?
2, 7, 19, 73, 757
List the prime factors of 12037854.
2, 3, 1039, 1931
List the prime factors of 258549.
3, 86183
What are the prime factors of 136435?
5, 13, 2099
What are the prime factors of 296693?
296693
What are the prime factors of 5742336?
2, 3, 7477
List the prime factors of 14539656.
2, 3, 421, 1439
What are the prime factors of 1394828?
2, 19, 18353
What are the prime factors of 28066514?
2, 7, 286393
List the prime factors of 4782215.
5, 31, 30853
What are the prime factors of 888087?
3, 389, 761
What are the prime factors of 21962609?
21962609
List the prime factors of 7146387.
3, 9803
List the prime factors of 489571.
489571
What are the prime factors of 194665?
5, 38933
What are the prime factors of 8022824?
2, 1002853
What are the prime factors of 449368?
2, 56171
List the prime factors of 706660.
2, 5, 89, 397
What are the prime factors of 4910600?
2, 5, 43, 571
List the prime factors of 22210.
2, 5, 2221
List the prime factors of 28060.
2, 5, 23, 61
List the prime factors of 4488327.
3, 149, 3347
List the prime factors of 1035494.
2, 517747
List the prime factors of 39218193.
3, 7, 31, 43, 467
What are the prime factors of 2561052?
2, 3, 13, 16417
List the prime factors of 1092958.
2, 546479
List the prime factors of 1136726.
2, 568363
What are the prime factors of 27105903?
3, 11, 273797
List the prime factors of 3437072.
2, 214817
What are the prime factors of 6068157?
3, 31, 71, 919
What are the prime factors of 7129770?
2, 3, 5, 23, 10333
What are the prime factors of 31251?
3, 11, 947
List the prime factors of 13595564.
2, 19, 178889
What are the prime factors of 188399?
293, 643
List the prime factors of 3015564.
2, 3, 251297
List the prime factors of 7267093.
47, 154619
What are the prime factors of 7745129?
7, 1106447
List the prime factors of 1684756.
2, 421189
List the prime factors of 70454.
2, 35227
List the prime factors of 11511133.
11511133
What are the prime factors of 437413?
437413
List the prime factors of 1974379.
11, 239, 751
What are the prime factors of 623609?
7, 89087
List the prime factors of 994857.
3, 17, 19507
What are the prime factors of 1286134?
2, 101, 6367
List the prime factors of 5313399.
3, 7, 13, 19463
What are the prime factors of 112329?
3, 7, 1783
List the prime factors of 8690581.
19, 457399
List the prime factors of 785178.
2, 3, 181, 241
What are the prime factors of 105583?
19, 5557
List the prime factors of 3582295.
5, 716459
List the prime factors of 5675874.
2, 3, 37, 691
List the prime factors of 798050.
2, 5, 11, 1451
List the prime factors of 1488007.
1488007
List the prime factors of 15598446.
2, 3, 2599741
List the prime factors of 782776.
2, 97847
List the prime factors of 83144.
2, 19, 547
List the prime factors of 161542.
2, 37, 59
What are the prime factors of 269321?
13, 20717
List the prime factors of 97528.
2, 73, 167
List the prime factors of 653015.
5, 11, 31, 383
List the prime factors of 296941.
296941
What are the prime factors of 5722772?
2, 11, 113, 1151
What are the prime factors of 2087353?
2087353
What are the prime factors of 144370?
2, 5, 14437
What are the prime factors of 381565?
5, 17, 67
What are the prime factors of 5166065?
5, 313, 3301
What are the prime factors of 2855234?
2, 1427617
List the prime factors of 260353.
167, 1559
What are the prime factors of 12410453?
11, 1128223
What are the prime factors of 2175163?
397, 5479
List the prime factors of 5773811.
5773811
List the prime factors of 10726883.
1481, 7243
List the prime factors of 307955.
5, 17, 3623
List the prime factors of 306909.
3, 421
What are the prime factors of 168992?
2, 5281
List the prime factors of 8869659.
3, 2956553
What are the prime factors of 38644032?
2, 3, 7, 28753
List the prime factors of 262154.
2, 23, 41, 139
List the prime factors of 194419.
23, 79, 107
What are the prime factors of 11068005?
3, 5, 13, 211, 269
List the prime factors of 92927.
92927
What are the prime factors of 88345?
5, 17669
List the prime factors of 101014.
2, 17, 2971
What are the prime factors of 85020?
2, 3, 5, 13, 109
List the prime factors of 810996.
2, 3, 19, 3557
List the prime factors of 5830.
2, 5, 11, 53
List the prime factors of 119446.
2, 59723
What are the prime factors of 3276125?
5, 26209
List the prime factors of 2092759.
2092759
List the prime factors of 144249.
3, 7, 6869
List the prime factors of 211520.
2, 5, 661
List the prime factors of 13493376.
2, 3, 13, 17, 53
What are the prime factors of 3737722?
2, 17, 47, 2339
List the prime factors of 14796913.
14796913
What are th